{"version":"1.0","provider_name":"Danadi&#039;s Kitchen","provider_url":"https:\/\/danadiskitchen.cafeblog.hu","author_name":"Danadi's Kitchen","author_url":"https:\/\/danadiskitchen.cafeblog.hu\/author\/kovacs_dana\/","title":"Vas\u00e1rnapi reggeli...","html":"<div style=\"clear: both;text-align: left\"><span style=\"font-size: x-small\"><span style=\"font-family: Verdana,sans-serif\">Vas\u00e1rnap reggelire k\u00e9sz\u00fclt a gyerekeknek... <span style=\"font-size: x-small\">a sajt <span style=\"font-size: x-small\">juht\u00far\u00f3<span style=\"font-size: x-small\">s k<span style=\"font-size: x-small\"><span style=\"font-size: x-small\">\u00f6r\u00f6z\u00f6ttel<\/span> van t\u00f6ltve, <span style=\"font-size: x-small\">tekerve majd szeletelve. Mell\u00e9<span style=\"font-size: x-small\"> pir\u00edt\u00f3s keny\u00e9r s\u00fclt... <\/span><\/span><\/span><\/span><\/span><\/span><\/span><\/span><\/div><br \/><div style=\"clear: both;text-align: center\"><a href=\"https:\/\/danadiskitchen.cafeblog.hu\/files\/2014\/02\/IMG_9210.jpg\" style=\"margin-left: 1em;margin-right: 1em\"><img border=\"0\" src=\"https:\/\/danadiskitchen.cafeblog.hu\/files\/2014\/02\/IMG_9210.jpg\" height=\"266\" width=\"400\" \/><\/a><a href=\"https:\/\/images-blogger-opensocial.googleusercontent.com\/gadgets\/proxy?url=http%3A%2F%2F3.bp.blogspot.com%2F-5orVpGqwSFA%2FUwB57m3hLtI%2FAAAAAAAACj0%2Fafz7IvqCaw0%2Fs1600%2FIMG_9208.JPG&amp;container=blogger&amp;gadget=a&amp;rewriteMime=image%2F*\" style=\"margin-left: 1em;margin-right: 1em\"><img border=\"0\" src=\"https:\/\/danadiskitchen.cafeblog.hu\/files\/2014\/02\/IMG_9208-300x200.jpg\" height=\"266\" width=\"400\" \/><\/a><\/div><br \/>","type":"rich","thumbnail_url":"https:\/\/danadiskitchen.cafeblog.hu\/files\/2014\/02\/IMG_9208-150x150.jpg","thumbnail_width":150,"thumbnail_height":150}

Vasárnapi reggeli...

<div style="clear: both;text-align: left"><span style="font-size: x-small"><span style="font-family: Verdana,sans-serif">Vasárnap reggelire készült a gyerekeknek... <span style="font-size: x-small">a sajt <span style="font-size: x-small">juhtúró<span style="font-size: x-small">s k<span style="font-size: x-small"><span style="font-size: x-small">örözöttel</span> van töltve, <span style="font-size: x-small">tekerve majd szeletelve. Mellé<span style="font-size: x-small"> pirítós kenyér sült... </span></span></span></span></span></span></span></span></div><br /><div style="clear: both;text-align: center"><a href="https://danadiskitchen.cafeblog.hu/files/2014/02/IMG_9210.jpg" style="margin-left: 1em;margin-right: 1em"><img border="0" src="https://danadiskitchen.cafeblog.hu/files/2014/02/IMG_9210.jpg" height="266" width="400" /></a><a href="https://images-blogger-opensocial.googleusercontent.com/gadgets/proxy?url=http%3A%2F%2F3.bp.blogspot.com%2F-5orVpGqwSFA%2FUwB57m3hLtI%2FAAAAAAAACj0%2Fafz7IvqCaw0%2Fs1600%2FIMG_9208.JPG&amp;container=blogger&amp;gadget=a&amp;rewriteMime=image%2F*" style="margin-left: 1em;margin-right: 1em"><img border="0" src="https://danadiskitchen.cafeblog.hu/files/2014/02/IMG_9208-300x200.jpg" height="266" width="400" /></a></div><br />
